 of f?
3
What are the prime factors of (-13)/((-26)/8) + 3 + 8581?
2, 19, 113
Suppose -3*m + 3*q = -9339, 4*m - 36*q = -41*q + 12470. List the prime factors of m.
5, 7, 89
Let l be 39/26*32/6. Suppose -102 + l = -2*w. Let a = w + 8. List the prime factors of a.
5, 11
Let i(n) = n - 33. Let d be i(39). Suppose -2382 - 318 = -d*r. What are the prime factors of r?
2, 3, 5
Suppose -3*h - 2*h + 5*o + 1365 = 0, 3*h - 818 = 4*o. Let q = h + 66. Suppose 12*r = q + 152. What are the prime factors of r?
41
Let s(o) = o**3 - 8*o - 10*o**2 + 8*o**2 + 4 + 6 + o**2. Let c be s(5). What are the prime factors of 183/(7/(c/15))?
2, 61
Suppose 0 = -3*j - 3*a + 3 - 15, -3*j - 5*a = 18. Let f = 34 - -1. What are the prime factors of (-7)/(f/(-536)) + j/5?
107
Let n(f) = -28*f + 123. Let u(b) = b**3 - 10*b**2 + 6*b - 65. Let g be u(10). List the prime factors of n(g).
263
Suppose -684 = -r - x + 1488, 0 = -2*r - 5*x + 4353. What are the prime factors of r?
3, 241
Let m be (-6)/(-5) + 176256/(-180). Let t = m - -1442. List the prime factors of t.
2, 29
Let x be 2 + -134 - (-7 - -11). Let l = 208 + x. Suppose l + 168 = 4*m. List the prime factors of m.
2, 3, 5
Suppose -137*g + 6 = -135*g. Suppose 0 = -n - g*l + 473, 5*n - 2*n + 4*l - 1434 = 0. What are the prime factors of n?
2, 241
Let r(b) = 75*b - 15. Let h(w) = 19*w - 4. Let v(d) = -15*h(d) + 4*r(d). Suppose -684*k + 673*k = -11. List the prime factors of v(k).
3, 5
Let n = 912 + -2491. Let b = n + 2964. What are the prime factors of b?
5, 277
Let a(i) = -3*i - 3. Let q be a(-1). Suppose -4*f - 2*h - 322 = q, -3*f - 2*f + h = 399. List the prime factors of -1*(-3 + f + 2).
3
Let w(u) = 2*u**2 + 18*u + 12. Let v(o) = o + 1. Let i(a) = -3*v(a) + w(a). Let y be i(-7). List the prime factors of y*5369/126 + 2/(-9).
5, 17
Let d = 10252 + -1630. What are the prime factors of d?
2, 3, 479
Let h be ((-42)/21)/(-2*1). Suppose h = 6*b - 23. What are the prime factors of ((-14)/(-21))/(b/1014)?
13
Let l = 25 - 86. Let u = 66 + l. Suppose 432 = -u*a + 14*a. List the prime factors of a.
2, 3
Let f(k) = -29*k**2 - k**2 - 9 + 8*k + k**3 - 31*k - 16. List the prime factors of f(31).
223
Suppose -2*p = -82 - 28. Let g = 49 - p. Let l(k) = 6*k**2 - 4*k - 17. What are the prime factors of l(g)?
223
Let v(g) = 434*g - 2280. What are the prime factors of v(7)?
2, 379
Suppose 2*i - 1 = -5*m - 5, 8 = -2*m - 4*i. Let z be (-2)/2 + (m - 7). Let b = z - -61. List the prime factors of b.
53
Suppose -8*t + 8390 = -2050. Suppose -2*k + 7*k = 3*j + 1305, -t = -5*k + 4*j. List the prime factors of k.
3, 29
List the prime factors of 11 - 272/24 - 2942/(-6).
2, 5, 7
Let t be 99/(-12)*-8*1/(-2). What are the prime factors of (-9)/t + 4551/11?
2, 3, 23
Let p(o) = 8*o**3 - 36*o**2 - 19*o + 28. List the prime factors of p(10).
2, 13, 163
Suppose 4*o = -13 - 23. Let v be o/6*72/(-27). What are the prime factors of (v/(-3))/((-4)/258)?
2, 43
Suppose -3*l - k + 14 = 0, 0 = 5*l + 3*k + 15 - 45. Suppose 4*q - 1552 = -3*h + 421, 2*q - l*h = 973. What are the prime factors of q?
491
Suppose -73*d - 67700 = -21*d - 538040. List the prime factors of d.
3, 5, 67
Let r = 1151 - 445. Let y = 247 + r. What are the prime factors of y?
953
Suppose 7*h - 3*h = 48. Suppose -11*k + 1462 = -1728. List the prime factors of h/8*k/15.
29
Suppose -9*s - 4 = -11*s. Suppose -5*n = -3*u - 2310, 7*u - s*u = 4*n - 1848. List the prime factors of n.
2, 3, 7, 11
Suppose -105 = 8*l - 25. List the prime factors of ((-28)/(-16) - l/(-8))*726.
3, 11
Let w(f) = f**2 - 2*f**2 + 23*f + 3*f**2. Let i(v) = v**3 + 7*v**2 - 56*v - 145. Let h be i(-11). List the prime factors of w(h).
3, 13
Let r be (-2)/(-8) + 41803/68. Let z = r + -230. What are the prime factors of z?
5, 7, 11
What are the prime factors of (186/434 - (-130)/(-238)) + (-564436)/(-17)?
2, 13, 1277
Suppose 132*b - 128*b = -3*r + 51068, -3*b = -2*r - 38318. What are the prime factors of b?
2, 5, 1277
Let g be (3 + (-1 - -13))*(-178)/(-3). Let w = 9 + -4. Suppose -w*q - 5*q = -g. What are the prime factors of q?
89
Let z = -156 - -1024. Suppose a = -3*q + 1297, -6*q = -4*q + 4*a - z. List the prime factors of q.
2, 3
Let q(x) = -12*x + 0 - 10*x - 9 + 10*x - 7*x**2 - x**3. Suppose 0 = -k - 0*k - 4*w + 5, -4*w = -5*k - 47. List the prime factors of q(k).
3, 5
Let f(r) = -11*r + 18*r + 11*r + 4*r. Let k be (-9)/(-6)*(4 - 0). What are the prime factors of f(k)?
2, 3, 11
Suppose f + 3*f = 5*a - 38695, -3*f - 15485 = -2*a. List the prime factors of 12/((-336)/a)*-4.
5, 13, 17
Let p = -344 - -626. Suppose 2*h - 4*k = 1068, -5*k - 788 - p = -2*h. List the prime factors of h.
2, 5, 53
Let p(s) = -59*s + 9. Suppose 3*i = -3, 4*l - 8*l + 3*i - 9 = 0. List the prime factors of p(l).
2, 3, 31
Suppose -h = -58 - 7. Suppose -55*k + h*k = 410. List the prime factors of k.
41
Let q = 12575 - 4148. List the prime factors of q.
3, 53
Let n be (98/(-10) - -5)*20/(-8). List the prime factors of (n/(-8))/((-5)/1930).
3, 193
Let n = -18265 - -34442. What are the prime factors of n?
7, 2311
Suppose 1738349 = 58*j + 65049. What are the prime factors of j?
2, 5, 577
Suppose 3*c - 3*n - 207207 = 0, 140*c - 139*c - 69054 = -4*n. List the prime factors of c.
2, 3, 1279
Let m(t) = 1. Let o(d) = -3*d**2 - d + 6. Let a(b) = 6*m(b) - 2*o(b). Let c be a(3). Let s = c - 41. What are the prime factors of s?
13
Let d be ((-40)/15)/8 - 8/(-6). Let p(y) = 413*y**2 + 5*y - 4. What are the prime factors of p(d)?
2, 3, 23
Let w(x) be the second derivative of 17*x**4/12 + x**3/6 + 7*x**2 - 48*x. List the prime factors of w(6).
2, 79
Suppose 3*z - 67 = 4*k, z + 10*k = 5*k - 3. Suppose 2432 = 21*a - z*a. List the prime factors of a.
2, 19
Let m be (-947)/(-5) + (-4)/10. Let t = 334 - m. What are the prime factors of t?
5, 29
Let k(c) = -c + 11. Let b be k(-1). Suppose 2*v + 366 = r, -3*r + 7*v = b*v - 1153. What are the prime factors of r?
2, 47
Suppose -137*x - 113941 = -141*x + v, -x = -3*v - 28477. What are the prime factors of x?
2, 14243
Let j(b) = b**3 - 10*b**2 - 10*b - 7. Let c be -1 + -18*(-8)/12. Let i be j(c). Suppose -114 = -i*f + 110. List the prime factors of f.
2, 7
Let x(y) = -y**3 - 12*y**2 + 7*y + 32. Let l be x(-13). Let o = -115 + l. List the prime factors of o/((-20)/424) - -5.
3, 37
Let o(r) be the first derivative of 4*r**3/3 + 3*r**2 - 10*r - 5. Let j be o(3). Suppose -3*g + 554 - j = 0. What are the prime factors of g?
2, 5, 17
Suppose 3*t + o - 1 = 3*o, 0 = -4*t + 3*o + 2. Let n(r) be the third derivative of -13*r**4/3 - 4*r**3/3 + 554*r**2. What are the prime factors of n(t)?
2, 3
Suppose -2*m - 16 = -218. Let y = m - 63. What are the prime factors of y?
2, 19
Let l = -350 - -366. Suppose -2*v = -l*v + 13342. What are the prime factors of v?
953
Suppose -384 = -2*z - 100. Suppose 19*w - 160 = -21*w. Suppose -w*u = 3*j + z - 612, 3*j - 5*u = 506. What are the prime factors of j?
2, 3
List the prime factors of -2 - -6 - (-32)/(-10) - 2057144/(-145).
2, 3547
Let d = 42 - 22. Let l = d + -16. Suppose -7 = -l*s + 37. List the prime factors of s.
11
Let y(q) = q**3 + 11*q**2 - 12*q + 4. Let w be y(-12). Suppose w*h = -h + 25. What are the prime factors of (2 - 29/4)/(h/(-60))?
3, 7
Let p be ((-150)/(-18) + -8)/(2/36). Suppose p*a - 778 = 218. List the prime factors of a.
2, 83
Suppose -649 = -3*n - w + 3*w, n = -3*w + 209. Suppose b = 5*b + g - 848, -b = g - n. What are the prime factors of b?
211
Let g be (156/21)/2 + 2/7. Suppose 6 = -2*k + g*k. List the prime factors of k + (872/4 - -1).
2, 3, 37
Suppose -5*g + 5 = q, 6 = 3*g + 3*q + 15. Let d be ((-4)/8)/(g/(-32)). Suppose -4*x = -d*x + 648. List the prime factors of x.
2, 3
Suppose 15*i + 40726 - 330541 = 0. List the prime factors of i.
139
Let c(x) = -7*x - 2. Let u be c(-1). Suppose u*y - 24 = -y. Suppose -4*q + y*t + t + 361 = 0, -4*q + 2*t = -370. List the prime factors of q.
2, 47
Suppose 5 - 53 = -4*u. Suppose 0 = u*k - 6*k - 1566. What are the prime factors of k?
3, 29
Let x be (4 + -7)*(3 - 112/12). Suppose 2*h - 7131 = -24*z + x*z, 0 = -4*z + 4*h + 5688. List the prime factors of z.
3, 5, 19
Suppose 0*d - 5*d - u = -13, -u = -3*d + 3. Suppose d*n = 5*q + 453, -11*n + 10*n = -3*q - 226. What are the prime factors of n?
229
Let l(b) = 42*b - 4. Suppose -3 = 2*q - 5. Let v be 3*(0 -